igit of 259437?
2
What is the units digit of 43496?
6
What is the ten thousands digit of 105927?
0
What is the hundreds digit of 9510447?
4
What is the hundred thousands digit of 8212673?
2
What is the hundreds digit of 1475516?
5
What is the hundreds digit of 159950?
9
What is the thousands digit of 197444?
7
What is the hundred thousands digit of 171739?
1
What is the thousands digit of 2899949?
9
What is the ten thousands digit of 227825?
2
What is the ten thousands digit of 380895?
8
What is the units digit of 668671?
1
What is the ten thousands digit of 18292243?
9
What is the hundred thousands digit of 1529314?
5
What is the ten thousands digit of 175258?
7
What is the ten thousands digit of 8989661?
8
What is the hundred thousands digit of 1230632?
2
What is the hundreds digit of 1914442?
4
What is the thousands digit of 7623?
7
What is the millions digit of 4384253?
4
What is the hundred thousands digit of 742275?
7
What is the hundred thousands digit of 222615?
2
What is the thousands digit of 2244110?
4
What is the hundreds digit of 10870207?
2
What is the thousands digit of 253143?
3
What is the hundreds digit of 17142524?
5
What is the tens digit of 3920126?
2
What is the hundreds digit of 6146805?
8
What is the units digit of 10347052?
2
What is the units digit of 38206?
6
What is the thousands digit of 389651?
9
What is the units digit of 21518209?
9
What is the tens digit of 1206176?
7
What is the units digit of 281763?
3
What is the units digit of 20678293?
3
What is the hundred thousands digit of 1112201?
1
What is the ten thousands digit of 472779?
7
What is the tens digit of 9959942?
4
What is the ten thousands digit of 9845022?
4
What is the units digit of 61825?
5
What is the hundred thousands digit of 19189695?
1
What is the hundreds digit of 319605?
6
What is the hundreds digit of 395470?
4
What is the units digit of 3106294?
4
What is the hundred thousands digit of 9528142?
5
What is the tens digit of 3839804?
0
What is the thousands digit of 231444?
1
What is the thousands digit of 26096086?
6
What is the tens digit of 4978506?
0
What is the thousands digit of 6662010?
2
What is the ten thousands digit of 404660?
0
What is the ten thousands digit of 73510?
7
What is the ten thousands digit of 4121649?
2
What is the ten thousands digit of 202305?
0
What is the hundreds digit of 2593820?
8
What is the thousands digit of 1848805?
8
What is the ten thousands digit of 5772371?
7
What is the hundreds digit of 1732296?
2
What is the tens digit of 2750944?
4
What is the hundreds digit of 20455406?
4
What is the thousands digit of 17229708?
9
What is the millions digit of 25848472?
5
What is the ten thousands digit of 149968?
4
What is the units digit of 7023837?
7
What is the thousands digit of 131195?
1
What is the units digit of 2348275?
5
What is the units digit of 1404934?
4
What is the hundred thousands digit of 15579681?
5
What is the hundreds digit of 1028971?
9
What is the units digit of 7293884?
4
What is the ten thousands digit of 26223780?
2
What is the tens digit of 1303627?
2
What is the thousands digit of 2445182?
5
What is the thousands digit of 38003?
8
What is the ten thousands digit of 3225040?
2
What is the units digit of 479336?
6
What is the hundreds digit of 21547?
5
What is the tens digit of 721187?
8
What is the thousands digit of 3905980?
5
What is the millions digit of 10818078?
0
What is the thousands digit of 178151?
8
What is the hundreds digit of 559462?
4
What is the thousands digit of 1629538?
9
What is the units digit of 1602422?
2
What is the hundreds digit of 4130069?
0
What is the tens digit of 263742?
4
What is the tens digit of 9639457?
5
What is the units digit of 346029?
9
What is the hundreds digit of 53050?
0
What is the ten thousands digit of 2264013?
6
What is the tens digit of 31125853?
5
What is the units digit of 456171?
1
What is the hundreds digit of 209859?
8
What is the units digit of 917739?
9
What is the ten thousands digit of 12705469?
0
What is the thousands digit of 1798191?
8
What is the thousands digit of 186015?
6
What is the ten millions digit of 19035663?
1
What is the units digit of 73311?
1
What is the tens digit of 253465?
6
What is the hundred thousands digit of 695173?
6
What is the hundreds digit of 1223891?
8
What is the millions digit of 2125935?
2
What is the tens digit of 8619134?
3
What is the hundred thousands digit of 22276484?
2
What is the hundred thousands digit of 803864?
8
What is the hundred thousands digit of 941550?
9
What is the ten thousands digit of 9182448?
8
What is the thousands digit of 1052118?
2
What is the ten thousands digit of 491294?
9
What is the ten thousands digit of 975117?
7
What is the ten thousands digit of 181916?
8
What is the units digit of 1709981?
1
What is the tens digit of 137344?
4
What is the millions digit of 3030961?
3
What is the units digit of 396487?
7
What is the hundred thousands digit of 523223?
5
What is the units digit of 209712?
2
What is the ten thousands digit of 659544?
5
What is the tens digit of 210470?
7
What is the hundred thousands digit of 7268306?
2
What is the tens digit of 8255394?
9
What is the hundred thousands digit of 1348984?
3
What is the tens digit of 10217187?
8
What is the hundreds digit of 28926160?
1
What is the ten thousands digit of 674426?
7
What is the thousands digit of 1610318?
0
What is the hundred thousands digit of 1705513?
7
What is the thousands digit of 767016?
7
What is the hundred thousands digit of 1494631?
4
What is the ten thousands digit of 965742?
6
What is the ten thousands digit of 6217036?
1
What is the tens digit of 385191?
9
What is the tens digit of 970843?
4
What is the tens digit of 4510032?
3
What is the hundreds digit of 37525?
5
What is the hundreds digit of 3650119?
1
What is the hundred thousands digit of 194376?
1
What is the hundreds digit of 4812843?
8
What is the millions digit of 12913326?
2
What is the thousands digit of 2303664?
3
What is the tens digit of 20587699?
9
What is the millions digit of 1097174?
1
What is the hundred thousands digit of 143596?
1
What is the hundred thousands digit of 2288522?
2
What is the hundreds digit of 628810?
8
What is the hundred thousands digit of 177465?
1
What is the units digit of 2950934?
4
What is the ten thousands digit of 28664570?
6
What is the tens digit of 740104?
0
What is the hundreds digit of 5905626?
6
What is the hundreds digit of 1806216?
2
What is the thousands digit of 552735?
2
What is the hundred thousands digit of 733641?
7
What is the ten thousands digit of 10419537?
1
What is the hundreds digit of 2182026?
0
What is the thousands digit of 1650554?
0
What is the millions digit of 29918213?
9
What is the hundred thousands digit of 653348?
6
What is the millions digit of 12507794?
2
What is the thousands digit of 551286?
1
What is the thousands digit of 131218?
1
What is the hundreds digit of 178567?
5
What is the tens digit of 6971369?
6
What is the tens digit of 3004778?
7
What is the hundreds digit of 461454?
4
What is the ten thousands digit of 240292?
4
What is the hundred thousands digit of 2243218?
2
What is the thousands digit of 487402?
7
What is the units digit of 1587443?
3
What is the thousands digit of 2154327?
4
What is the tens digit of 55860?
6
What is the tens digit of 175856?
5
What is the hundred thousands digit of 5499557?
4
What is the tens digit of 2794217?
1
What is the millions digit of 5385130?
5
What is the tens digit of 209735?
3
What is the tens digit of 27384161?
6
What is the tens digit of 959117?
1
What is the thousands digit of 430303?
0
What is the millions digit of 5913173?
5
What is the hundreds digit of 3471360?
3
What is the hundreds digit of 209438?
4
What is the tens digit of 190912?
1
What is the ten millions digit of 14163274?
1
What is the ten thousands digit of 975990?
7
What is the ten thousands digit of 3428823?
2
What is the ten thousands digit of 187052?
8
What is the hundreds digit of 217976?
9
What is the thousands digit of 694670?
4
What is the thousands digit of 656175?
6
What is the thousands digit of 7441958?
1
What is the thousands digit of 17328055?
8
What is the millions digit of 15057941?
5
What is the thousands digit of 14445?
4
